-4)/5894684) composite?
False
Let f(p) = p**3 + 9*p**2 + 15*p - 2. Let i be f(-7). Let y(a) = 44*a**2 - 2*a + 13. Is y(i) a composite number?
True
Suppose 346*j + 39955 = 351*j. Is j a composite number?
True
Let i = 3090 + -3092. Let g(u) be the first derivative of -95*u**4/4 - 2*u**3/3 - u**2/2 + 4*u + 1. Is g(i) prime?
False
Suppose -361*a - 16 = -359*a. Is ((a - 6111) + -2)*-1 prime?
True
Suppose 3*v = 5*b - 4, 1 = -v - b + 5. Let x(j) = 38*j + v*j**2 + 51*j - 25 - 75*j. Is x(14) a prime number?
True
Let t = 541873 + -334489. Suppose 49*a - t = 25*a. Is a a prime number?
True
Let d(l) = 4*l**2 - 24*l + 13. Let v = 77 - 67. Let x be d(v). Let y = x - -164. Is y composite?
False
Let c(a) = 4*a**3 - a**2 + a - 2. Let w(s) = s**3 + s. Let j(t) = -c(t) + 3*w(t). Let y be j(2). Suppose -y*n - 5847 = -5*n. Is n composite?
False
Let y be (8/(-3))/(32/(-48)). Suppose 3*s = -y*n - 0*s + 23975, -3*n + 17960 = -2*s. Suppose c - 2*p - 3613 = -2*c, 5*c - n = -3*p. Is c prime?
True
Let y(i) = 4*i**2 - 27*i - 42. Let j be y(29). Is (7*12/42 - 1)*j composite?
False
Let g(m) = -m**3 + 3*m + 3484. Let p = 0 - 0. Let j be g(p). Suppose -4*q + j = -3904. Is q prime?
True
Let c(v) = 16320*v**2 + 20*v + 47. Is c(-2) composite?
False
Let x(w) be the second derivative of -16*w**5/5 - w**4/6 - w**3 + 13*w**2/2 - 8*w - 15. Is x(-5) a prime number?
True
Let g(d) = 3634*d**2 + 44*d - 283. Is g(6) composite?
True
Suppose c = -c + 2, 0 = -3*x - 5*c + 13124. Suppose -7*j = -114882 + x. Is j a prime number?
True
Let s(l) = 737*l**2 - 35*l + 344. Is s(-14) a prime number?
False
Suppose 4*y = -y + 55. Suppose -5*t + y + 9 = 0. Suppose -t*v = -3*v - 293. Is v composite?
False
Suppose 98*n - 20300701 = 9144630 - 7038905. Is n a composite number?
False
Suppose -65*a + 374918 + 386037 = 0. Is a composite?
True
Let p = 16634 + 291327. Is p prime?
False
Let r(s) = -s**3 - 4*s**2 - 7*s + 11. Let n(o) = -o**2 - 2*o - 1. Let b be n(-6). Let v = 17 + b. Is r(v) prime?
False
Suppose -230 = 65*p - 60*p. Is (29/(-4))/(p/6808) composite?
True
Let c be 24/9 + (-4)/(-12). Suppose 0 = v + c*v + p - 1627, -v + 3*p = -410. Is v prime?
False
Suppose 3*m + 6 = i - m, 2*i + 1 = -5*m. Suppose h - 4*p + 1122 = p, i*p - 2276 = 2*h. Is 2/(8/(-12)) - h composite?
True
Let b = -39 + 31. Let m(y) = -1080*y - 17. Is m(b) a prime number?
True
Suppose 0 = -7*f + 11*f - 70540. Suppose f = 7*v - 26542. Is v prime?
True
Let o(f) = f + 15. Let j be o(-7). Suppose -5*m = -7 - j. Suppose -126 = -m*p + 321. Is p a prime number?
True
Let g = -74672 + 126961. Is g prime?
True
Suppose -82*p + 9695248 - 4747949 = -18181047. Is p composite?
False
Suppose -686*f + 668*f = -1768842. Is f composite?
False
Let l(x) = 2*x**2 - 6*x + 19. Let p be l(8). Let m = p - -121. Suppose -2*j + 546 + m = 0. Is j composite?
False
Suppose -4*i + 166 = -22. Let z = 46 - i. Is 535*z/4*-4 a prime number?
False
Let k(u) = 1335*u - 1022. Is k(23) prime?
True
Let h(q) = -8*q + 212. Let i be h(25). Is (121698/i)/((-45)/(-30)) prime?
True
Is (-8)/72*-6*(960605/2 + 2) a prime number?
False
Let v(a) = 208*a - 17. Let b(w) = 7*w + 21. Let s be b(-2). Is v(s) a composite number?
False
Let z(b) = 277*b**2 + 461*b**2 + 43*b + 43*b + 10 - 77*b. Is z(-1) composite?
False
Is -749*4786/(-6) + -1*(-68)/(-51) prime?
True
Let n = -5426 + 36370. Suppose -7*f + n + 30523 = 0. Is f composite?
True
Is 4/(-12 + (-52340392)/(-4361695)) a composite number?
True
Let i = 73021 + -51642. Is i a prime number?
True
Let r be (-1 + -4 - -10) + -1. Suppose 3*v = 2*t + 4667, 5*v - 3*v = r*t + 3098. Is v a prime number?
True
Suppose -16 = 11*l + 50. Let m(t) = 46*t**2 + 6*t - 2. Let w be m(l). Suppose 6966 = 8*s - w. Is s a composite number?
True
Suppose -4*n + 4*u = -332, 2*n + 4*u - 145 - 45 = 0. Suppose -2*r = -3*a + 3, -5*a + 4 = -4*r - 3. Is (-7095)/(-27) + (r - n/(-27)) composite?
False
Suppose 0 = 128*n - 147*n + 37496063. Is n prime?
False
Let q = 26519 + -17658. Suppose 40115 = 6*r + q. Is r a prime number?
True
Let d = -195 + 201. Let z(x) be the third derivative of x**6/120 - x**5/30 + x**3/6 + x**2. Is z(d) a prime number?
False
Let i = 508509 - 247888. Is i prime?
False
Let b be (-6 - -7)/(1/16). Suppose -b*x = -6*x - 109930. Is x composite?
False
Let s(k) = -46*k**2 + 11*k + 16. Let j be s(-5). Let f be -3 + 8 - (j - 0). Suppose 5*o - 4*c - 7 = f, 0 = 3*c + 12. Is o prime?
False
Let n = 212 - 1566. Let q = n - -2267. Is q a composite number?
True
Let a = 147 + -2095. Is a*(-78)/(-72)*-3 composite?
True
Suppose 2*t = -0*z - 5*z + 11, 2*z - 10 = 2*t. Suppose 2*y + 13*y = 5*y. Suppose -2*a + 7*a = -z*c + 1981, -3*c - 3*a + 1983 = y. Is c a composite number?
True
Suppose -2*n + 10380 = -2*r, -10415 = -2*n + 3*r - 30. Let w = -2966 + n. Is w composite?
True
Is ((-2)/18 - (-1616461)/63) + (-2 - -5) prime?
False
Suppose 345*o = 624*o - 301676283. Is o a composite number?
False
Let u(g) = -2*g**2 + 28*g + 18. Let b be u(17). Let a = 86 + b. Suppose 746 = 2*t + z, a*t + 0*z - 746 = -2*z. Is t composite?
False
Let h(n) = 5 + 47 - 38*n**2 + 559*n**2 + 5*n + 53. Is h(-11) a composite number?
True
Let b = -194 + 194. Suppose -c + 2720 + 10661 = b. Is c a prime number?
True
Suppose -w + 3*u - 7*u - 20 = 0, 10 = -2*u. Suppose w = -52*n + 53*n - 557. Is n prime?
True
Let b(p) = -p**3 + 41*p**2 - 34*p - 23. Suppose 8*f + 740 = -29*f. Is b(f) a composite number?
False
Suppose -4*i - 2*k + 10 = 0, -17 = -3*i + 3*k + 4. Suppose -i*b + 36355 = 7*b. Is b a composite number?
True
Let o be ((-2)/(4/(-4)) - -1) + 1. Suppose -o*h + z + 8241 = 0, -2*h + 4503 - 405 = 4*z. Is h a composite number?
True
Let z(q) = -55*q + 86. Let p be z(-6). Let a = p + -255. Is a composite?
True
Suppose 0 = -4*c - 3*y + 62963, -2*y + 3*y - 1 = 0. Suppose -c = -3*i + 1822. Is i a composite number?
True
Suppose -y - 59365 = -3*z + 22202, -2*z + 81568 = -y. Is (-2 + 7/3)/((-10)/y) a composite number?
False
Is -11*22/(-121)*(-148348)/(-8) a composite number?
False
Let h(m) be the third derivative of -m**6/120 + 3*m**5/5 - 41*m**4/24 + 53*m**3/6 + 37*m**2 + 2. Is h(29) prime?
True
Let u(y) = y + 15*y**2 + 5 - 2*y**3 - 3*y - y + 4 + y. Is u(-14) a prime number?
False
Let l(c) = 2028*c**3 - 35*c**2 + 174*c - 2. Is l(7) a composite number?
True
Suppose 0 = 5*w + 3*v - 2225321, 4*w - 403545 = -3*v + 1376707. Is w a prime number?
True
Let m(d) = 2*d**2 + 149*d - 1474. Is m(93) a composite number?
True
Suppose -11*m + 9 = -8*m. Let j(h) = m*h**2 + 5 + 22*h - 4 + 55 + 15. Is j(-22) a prime number?
True
Suppose 5*t - 60293 = 4*k + 86900, 0 = -3*t - k + 88326. Is t a prime number?
False
Let k be 2/1*(6 + 2115 - 4). Suppose 7*d = k + 22688. Suppose d = 7*c - c. Is c a prime number?
True
Suppose 4*c - 8 = 0, 3*x - 13*c + 39451 = 476306. Is x a composite number?
True
Let m(b) = 389*b**2 + 44*b - 752. Is m(31) a prime number?
True
Suppose 0 = 5*m - j - 14788 - 16992, 2*m + 4*j = 12690. Let u = m + -3858. Is u prime?
False
Suppose -4*k + 846 + 26 = 0. Suppose -2*r = -s - k, 2*s = 3*s. Suppose 112*l = r*l + 282. Is l a composite number?
True
Suppose 5*h = 3*o - 35748, 17*h = -5*o + 15*h + 59580. Is ((-2)/8)/(47655/o + -4) a prime number?
True
Suppose 2*z = -5*y - 0 + 14, -5*z = 15. Let p(v) = -466*v - 144. Let b be p(-4). Suppose 0 = y*k - 9516 + b. Is k composite?
False
Suppose 5*r - 15 = 0, 2*o + 10*r - 15*r - 149 = 0. Suppose o*f - 93*f + 97471 = 0. Is f a composite number?
False
Suppose 0*d = -2*d + 5*q + 11, 4*q = 5*d - 19. Suppose -2*x + 0*x - u = -2094, -2*u - 2094 = -2*x. Suppose 30 = -d*w + x. Is w composite?
True
Let a(b) be the second derivative of -b**5/5 + b**4/6 + 3*b**3 + 7*b**2/2 - 109*b. Is a(-8) a prime number?
True
Suppose -86595 - 2695251 = -24*o + 498066. Is o a prime number?
False
Is (1 - 0)/(((-37)/(-7459977))/((-3)/(-9))) a composite number?
True
Let t(k) = -5*k + 46. Let p be t(8). Suppose -29 + 5 = -p*a. Suppose w + 2*l - 2353 = 0, a*w + 3*l = l + 9430. Is w composite?
True
Let i = 23753 - 12780. Is i prime?
True
Let i(y) = 28*y**3 - 25*y**2 + 92*y - 1479. Is i(14) a composite number?
False
Let h be 855*((-1)/(-3) + 0). Is (19/(h/(-10)))/(2/(-38733)) prime?
True
Let t(s) = 353*s**2 + 33*s - 111. Is t(-11) a composite number?
False
Suppose 981838 = 16*u + 10*u. Is (u/(-66))/(3/(-18)) composite?